
7
What is the thousands digit of 8564439?
4
What is the hundred thousands digit of 45203741?
2
What is the hundred thousands digit of 119721?
1
What is the hundred thousands digit of 137546?
1
What is the thousands digit of 15206540?
6
What is the millions digit of 1378717?
1
What is the hundreds digit of 36290?
2
What is the hundreds digit of 5176997?
9
What is the hundreds digit of 947111?
1
What is the ten thousands digit of 379858?
7
What is the ten thousands digit of 1172681?
7
What is the tens digit of 4278587?
8
What is the hundred thousands digit of 2268899?
2
What is the thousands digit of 4061312?
1
What is the tens digit of 18037455?
5
What is the millions digit of 5649464?
5
What is the ten thousands digit of 139141?
3
What is the hundreds digit of 315836?
8
What is the thousands digit of 243644?
3
What is the thousands digit of 873475?
3
What is the hundreds digit of 2853060?
0
What is the units digit of 57650?
0
What is the tens digit of 28347048?
4
What is the units digit of 9727891?
1
What is the hundred thousands digit of 781354?
7
What is the hundreds digit of 69823?
8
What is the ten thousands digit of 89138?
8
What is the units digit of 510?
0
What is the units digit of 78124?
4
What is the millions digit of 29934889?
9
What is the ten thousands digit of 99148?
9
What is the ten thousands digit of 701409?
0
What is the hundred thousands digit of 530387?
5
What is the ten thousands digit of 250548?
5
What is the hundreds digit of 12461762?
7
What is the units digit of 4541564?
4
What is the units digit of 5611849?
9
What is the hundreds digit of 1791610?
6
What is the tens digit of 1276654?
5
What is the tens digit of 622296?
9
What is the ten thousands digit of 1445769?
4
What is the tens digit of 7558825?
2
What is the tens digit of 414038?
3
What is the units digit of 101162?
2
What is the hundreds digit of 17054624?
6
What is the millions digit of 1707774?
1
What is the units digit of 23663?
3
What is the tens digit of 2860685?
8
What is the hundreds digit of 1964467?
4
What is the thousands digit of 250061?
0
What is the ten thousands digit of 2254224?
5
What is the units digit of 5999215?
5
What is the ten thousands digit of 75559?
7
What is the hundred thousands digit of 9441249?
4
What is the ten thousands digit of 32750?
3
What is the hundreds digit of 3465?
4
What is the millions digit of 2827791?
2
What is the ten thousands digit of 263327?
6
What is the tens digit of 21913298?
9
What is the millions digit of 1349137?
1
What is the hundreds digit of 184728?
7
What is the ten thousands digit of 455564?
5
What is the tens digit of 2363189?
8
What is the units digit of 7571799?
9
What is the millions digit of 3036368?
3
What is the ten thousands digit of 5532336?
3
What is the units digit of 2055454?
4
What is the tens digit of 7378632?
3
What is the tens digit of 1323846?
4
What is the hundreds digit of 16723278?
2
What is the hundred thousands digit of 125740?
1
What is the ten thousands digit of 13182878?
8
What is the hundred thousands digit of 4409380?
4
What is the hundreds digit of 509089?
0
What is the thousands digit of 7472512?
2
What is the hundreds digit of 227290?
2
What is the hundreds digit of 2841687?
6
What is the thousands digit of 4487843?
7
What is the tens digit of 182113?
1
What is the units digit of 139013?
3
What is the hundreds digit of 6698196?
1
What is the units digit of 579570?
0
What is the ten thousands digit of 314436?
1
What is the ten thousands digit of 552987?
5
What is the tens digit of 217099?
9
What is the thousands digit of 530995?
0
What is the hundreds digit of 358572?
5
What is the ten thousands digit of 526941?
2
What is the tens digit of 559642?
4
What is the tens digit of 326734?
3
What is the ten thousands digit of 13812752?
1
What is the thousands digit of 157248?
7
What is the units digit of 21468308?
8
What is the units digit of 2571907?
7
What is the units digit of 5706260?
0
What is the hundred thousands digit of 173566?
1
What is the ten thousands digit of 8737328?
3
What is the units digit of 2107802?
2
What is the hundreds digit of 245774?
7
What is the units digit of 64690?
0
What is the hundreds digit of 50903?
9
What is the units digit of 2278392?
2
What is the units digit of 326059?
9
What is the units digit of 62199?
9
What is the hundred thousands digit of 2698949?
6
What is the thousands digit of 92101?
2
What is the ten thousands digit of 1519859?
1
What is the tens digit of 441395?
9
What is the tens digit of 7473358?
5
What is the hundreds digit of 23267264?
2
What is the thousands digit of 268747?
8
What is the tens digit of 1354566?
6
What is the hundreds digit of 12304?
3
What is the thousands digit of 2524873?
4
What is the thousands digit of 715175?
5
What is the hundreds digit of 29482331?
3
What is the hundreds digit of 114034?
0
What is the tens digit of 2748262?
6
What is the millions digit of 1332057?
1
What is the hundreds digit of 2735101?
1
What is the hundreds digit of 82498?
4
What is the tens digit of 803534?
3
What is the hundred thousands digit of 1458112?
4
What is the units digit of 1270061?
1
What is the thousands digit of 1541073?
1
What is the thousands digit of 209324?
9
What is the hundred thousands digit of 5483743?
4
What is the thousands digit of 13367379?
7
What is the hundreds digit of 154666?
6
What is the millions digit of 33924825?
3
What is the tens digit of 847068?
6
What is the tens digit of 41350?
5
What is the ten thousands digit of 1187452?
8
What is the thousands digit of 13013127?
3
What is the thousands digit of 468248?
8
What is the hundreds digit of 244329?
3
What is the units digit of 264480?
0
What is the millions digit of 1221173?
1
What is the hundreds digit of 146056?
0
What is the ten thousands digit of 703474?
0
What is the hundred thousands digit of 5058292?
0
What is the thousands digit of 409250?
9
What is the units digit of 5939923?
3
What is the thousands digit of 1466622?
6
What is the millions digit of 8224317?
8
What is the tens digit of 40737?
3
What is the thousands digit of 1856289?
6
What is the hundred thousands digit of 11563002?
5
What is the hundreds digit of 481968?
9
What is the ten thousands digit of 627569?
2
What is the thousands digit of 1671869?
1
What is the tens digit of 1275493?
9
What is the hundred thousands digit of 1887058?
8
What is the hundreds digit of 18238192?
1
What is the ten thousands digit of 216992?
1
What is the thousands digit of 373318?
3
What is the ten thousands digit of 1260052?
6
What is the units digit of 357812?
2
What is the hundred thousands digit of 3010581?
0
What is the hundreds digit of 750461?
4
What is the hundreds digit of 1074820?
8
What is the tens digit of 98351?
5
What is the units digit of 222042?
2
What is the millions digit of 5624694?
5
What is the tens digit of 7785877?
7
What is the thousands digit of 214988?
4
What is the hundred thousands digit of 134928?
1
What is the thousands digit of 4065489?
5
What is the millions digit of 1466268?
1
What is the hundreds digit of 30228?
2
What is the units digit of 8023629?
9
What is the hundreds digit of 1895736?
7
What is the units digit of 9699790?
0
What is the hundreds digit of 998054?
0
What is the units digit of 62984?
4
What is the hundreds digit of 27230774?
7
What is the units digit of 9213815?
5
What is the units digit of 42324?
4
What is the units digit of 1110273?
3
What is the ten thousands digit of 2094639?
9
What is the thousands digit of 7947627?
7
What is the hundreds digit of 550899?
8
What is the hundreds digit of 541456?
4
What is the ten thousands digit of 593120?
9
What is the ten thousands digit of 12802265?
0
What is the hundred thousands digit of 212032?
2
What is the millions digit of 2520772?
2
What is the hundreds digit of 627616?
6
What is the thousands digit of 223773?
3
What is the units digit of 1787645?
5
What is the ten thousands digit of 3354782?
5
What is the ten thousands digit of 52959?
5
What is the units digit of 6001211?
1
What is the ten thousands digit of 3154175?
5
What is the units digit of 267841?
1
What is the hundreds digit of 15068402?
4
What is the ten thousands digit of 1890153?
9
What is the tens digit of 184122?
2
What is the tens digit o